2101110022212 (base 3) to base 13
-1779272
Convert 15a81b (base 13) to base 3.
1000022020100
-e002 (base 15) to base 6
-1002432
80951 (base 12) to base 8
506515
-1ab4b8 (base 15) to base 8
-4762417
263253 (base 7) to base 2
1100000000100001
What is -8957 (base 13) in base 7?
-106613
Convert -e49c66 (base 15) to base 7.
-161236662
What is 1332321033 (base 5) in base 16?
33e6b1
51532 (base 9) to base 13
125cc
Convert 39606 (base 10) to base 5.
2231411
What is -221001022210 (base 3) in base 14?
-cb973
Convert 1211021020 (base 3) to base 10.
35916
Convert -121830b (base 13) to base 14.
-a62946
What is -40350264 (base 7) in base 9?
-6275523
What is -6ab4a (base 15) in base 12?
-144951
12002022112021 (base 3) to base 5
1142442123
What is 257650 (base 8) in base 15?
1ba19
1010012110110 (base 3) to base 6
20424103
What is 171474 (base 10) in base 12?
83296
What is 1024110331 (base 5) in base 12?
88b118
153615161 (base 7) to base 14
15325a1
Convert -143424614 (base 7) to base 12.
-321544b
Convert -182df0 (base 16) to base 6.
-53544120
-56771 (base 9) to base 5
-2202220
What is -481598 (base 11) in base 16?
-ba5ef
139a280 (base 11) to base 8
11117573
7250 (base 10) to base 6
53322
What is -423111400 (base 5) in base 2?
-110110000000010000000
What is -4448018 (base 11) in base 13?
-18011c4
What is 121a4a (base 11) in base 3?
100210122111
35446 (base 12) to base 13
266c4
1002402323 (base 5) to base 13
54c0aa
What is 605622 (base 7) in base 8?
310723
What is 141220 (base 10) in base 15?
2bc9a
21100222120 (base 3) to base 15
2cea9
Convert 393252 (base 11) to base 5.
124303324
Convert -5184a9 (base 13) to base 14.
-377945
What is -5020b7 (base 13) in base 15?
-26b624
What is 13766 (base 13) in base 10?
36419
What is -278bd (base 14) in base 15?
-1de85
Convert 1321443 (base 7) to base 9.
283823
Convert -420142144 (base 5) to base 14.
-32c750
Convert 15630467 (base 8) to base 9.
6722626
What is -111321302113 (base 4) in base 7?
-66542464
Convert -34a332 (base 11) to base 12.
-229515
Convert 297800 (base 11) to base 4.
1301110130
-33523221 (base 7) to base 14
-55bb11
-3340044 (base 5) to base 11
-40181
-8507036 (base 9) to base 16
-4574e5
Convert -2330332103 (base 5) to base 4.
-110103303330
-1021534210 (base 6) to base 11
-6068068
-567250 (base 11) to base 8
-3343073
Convert -11100110100001000 (base 2) to base 15.
-24e84
Convert 3005211 (base 6) to base 4.
202131013
What is 3522074 (base 9) in base 16?
1d0e57
What is 4103451 (base 6) in base 11?
123746
What is -1000100011001000 (base 2) in base 10?
-35016
-5525324 (base 6) to base 12
-113844
Convert -3615085 (base 9) to base 7.
-22436036
Convert 871b24 (base 15) to base 13.
144415c
Convert -11014224 (base 6) to base 8.
-1202210
-104220515 (base 7) to base 4
-113323300112
What is -64023 (base 8) in base 5?
-1323033
-2501035 (base 7) to base 6
-10504034
-d2d55 (base 16) to base 5
-210113243
What is -230330053 (base 6) in base 14?
-7c029b
What is 1053232 (base 7) in base 12?
63844
What is -230170 (base 8) in base 4?
-103001320
What is -101002 (base 3) in base 16?
-110
What is 125344 (base 6) in base 13?
5371
Convert -41424101 (base 5) to base 13.
-bcb07
418563 (base 11) to base 16
a39d7
Convert 2c89c (base 13) to base 15.
1a297
2ac1d6 (base 14) to base 12
6000a8
What is 21132213 (base 4) in base 12?
1a573
Convert -c737 (base 14) to base 9.
-52105
-21433300 (base 5) to base 10
-186700
Convert 5463041 (base 10) to base 2.
10100110101110000000001
-1472172 (base 8) to base 5
-102014114
154b253 (base 13) to base 5
3221301331
-32012320112 (base 4) to base 11
-20a6569
Convert 10423444024 (base 5) to base 13.
2513908
7c2cd (base 15) to base 9
662484
What is 20303131123 (base 4) in base 5?
1042323211
Convert 405144 (base 6) to base 16.
7df8
Convert -1622aa (base 11) to base 3.
-110210120102
Convert -91c76 (base 14) to base 8.
-1255340
What is -1130464 (base 7) in base 15?
-2c0a1
What is -6074246 (base 8) in base 13?
-441c85
Convert -33432332 (base 5) to base 14.
-79c07
Convert 133414514 (base 6) to base 16.
2916ee
Convert -2b83e1 (base 15) to base 5.
-1014303021
What is -122501146 (base 7) in base 2?
-11101011111100110111110
-1110001101010110111001 (base 2) to base 3
-21000020100221
2700630 (base 8) to base 14
158b44
Convert -41533143 (base 6) to base 11.
-757000
Convert -1502001005 (base 6) to base 9.
-37842265
What is -46023 (base 7) in base 5?
-333204
231031113110 (base 4) to base 16
b4d5d4
What is 242685 (base 9) in base 13?
51809
What is 501086 (base 16) in base 4?
110001002012
Convert 4044424 (base 9) to base 3.
11001111110211
1444018 (base 10) to base 2
101100000100010110010
Convert 1001101000101010100 (base 2) to base 10.
315732
Convert -1222111222202 (base 3) to base 6.
-34324502
Convert 8b277 (base 13) to base 12.
10256b
Convert -100102203332 (base 4) to base 11.
-2457402
What is -96a25 (base 11) in base 3?
-21011101221
What is 2dc10c (base 16) in base 2?
1011011100000100001100
1634236 (base 13) to base 9
14406141
What is 167627 (base 8) in base 7?
343551
Convert 10495 (base 14) to base 5.
2224311
Convert 15454131 (base 6) to base 14.
1050c7
What is -49488b (base 12) in base 5?
-301040443
What is -5745 (base 11) in base 16?
-1d7f
What is -1615992 (base 10) in base 4?
-12022201320
507b3d (base 16) to base 3
100220222011020
10314033 (base 5) to base 16
15a43
What is 7e5cd7 (base 15) in base 14?
b34972
-212220331 (base 4) to base 3
-22001002211
Convert -369b6 (base 16) to base 13.
-7aa65
Convert -b5c7d (base 15) to base 2.
-10001100110000111000
4063827 (base 9) to base 13
5aba46
421300220 (base 5) to base 4
12221233002
What is 299746 (base 11) in base 7?
3652531
What is 11100112122010 (base 3) in base 13?
6300a8
Convert -144441242 (base 5) to base 3.
-1110200002100
Convert -2301130103 (base 4) to base 6.
-23324455
What is 3321222031 (base 5) in base 6?
414315431
Convert 549218 (base 12) to base 2.
101000111110111110100
-1709111 (base 13) to base 7
-120200630
Convert -1ad2a7 (base 15) to base 13.
-36b416
Convert 108655 (base 9) to base 11.
45170
171a556 (base 11) to base 10
2927535
8a58b (base 16) to base 12
233b23
What is -460e5 (base 16) in base 10?
-286949
Convert 1284074 (base 9) to base 2.
10101100000111110010
What is 2121020032 (base 4) in base 15?
c5c94
Convert -4389 (base 11) to base 15.
-1aa9
Convert -552211 (base 10) to base 4.
-2012310103
Convert -62327 (base 13) to base 4.
-223002230
2b15220 (base 13) to base 7
225052241
-30432314 (base 5) to base 7
-2055123
What is -110001000111221 (base 3) in base 16?
-619da7
What is -100243040 (base 5) in base 11?
-253398
Convert 12439c (base 13) to base 11.
279a56
What is 1024563 (base 7) in base 10?
124113
What is 117a431 (base 12) in base 15?
471b91
237972 (base 10) to base 4
322012110
-702a (base 15) to base 10
-23665
-11210312312 (base 4) to base 14
-2a0982
13302212 (base 8) to base 11
1758234
Convert -10d6e (base 15) to base 14.
-157a6
Convert -2263c0 (base 13) to base 16.
-c69f1
Convert 100011111010100110100 (base 2) to base 16.
11f534
What is -524500 (base 7) in base 16?
-16156
9c652a (base 13) to base 11
20a6761
Convert -1168a2 (base 12) to base 8.
-1045172
What is -234625 (base 11) in base 9?
-626376
What is 1d81b6 (base 15) in base 16?
160c20
Convert 1144354 (base 6) to base 13.
21793
What is 14061262 (base 7) in base 15?
1accda
Convert 2158400 (base 10) to base 4.
20032331000
What is 101403343 (base 5) in base 7?
3364140
-1537fc (base 16) to base 14
-282aba
Convert -202153 (base 7) to base 4.
-20121103
What is -331749 (base 12) in base 14?
-171a41
-99842 (base 11) to base 13
-50b77
Convert -3332220232 (base 5) to base 7.
-116041515
What is 6b220 (base 13) in base 10?
195897
-2e7e9 (base 16) to base 4
-232133221
What is 3a1573 (base 16) in base 11?
216aa37
What is 327256 (base 14) in base 11?
a68808
-11600231 (base 10) to base 8
-54200547
-168772 (base 13) to base 5
-120432021
What is 11010110010011101 (base 2) in base 10?
109725
Convert 301220331 (base 4) to base 16.
31a3d
Convert 7380841 (base 10) to base 8.
34117551
-5318a88 (base 11) to base 5
-4344230203
Convert 125330111 (base 6) to base 2.
1001100010010110111011
2531523 (base 8) to base 12
2999ab
Convert -447013 (base 8) to base 2.
-100100111000001011
Convert 3001322112 (base 4) to base 2.
11000